 5*n, 509 = r + 3*r + n. Does 16 divide r?
True
Is 51 a factor of -148*(-4 - (-2)/1)?
False
Let i = -159 - -382. Is 55 a factor of i?
False
Let q be (-6)/8 - (-3179)/68. Let k = 81 - q. Is k a multiple of 12?
False
Let a be -1*-15*(1 - 0). Suppose 10*y - a*y + 820 = 0. Suppose 0 = 3*w - w - 2*c - 64, 5*c = -4*w + y. Is 24 a factor of w?
False
Is 20 a factor of (1190/30 + 7)*48?
True
Let h = 0 - -88. Let y = h + -54. Suppose 6 = 4*a - y. Is 3 a factor of a?
False
Suppose -4*u + 61 + 76 = -i, 4*i = -4. Let c = u + 40. Is 15 a factor of c?
False
Let m(s) = 11*s - 2. Suppose -11 = -d - 5. Let n be m(d). Suppose 0 = -7*z + n + 90. Is 11 a factor of z?
True
Let y(t) = -2*t + 15. Suppose -10 - 14 = 3*m. Let l be y(m). Let d = l + -28. Does 3 divide d?
True
Suppose -380 = -6*z - 4*z. Suppose -4*x + z = -202. Does 15 divide x?
True
Suppose -23 = 5*u - 8, -18 = -3*d + 3*u. Suppose -d*s - s + o + 47 = 0, s + 4*o - 16 = 0. Is 3 a factor of s?
True
Suppose -45*i = 55*i - 129000. Does 9 divide i?
False
Let l(t) = 4*t**3 - t**2 - t + 1. Suppose 1 = 5*h - o - 2, -6 = -3*o. Let p be l(h). Suppose p*m = 17 + 22. Is 4 a factor of m?
False
Let m(d) = -2 - 2 + 3. Let s(v) = -20*v - 12. Let k(j) = -m(j) - s(j). Does 31 divide k(4)?
True
Suppose 3*r - 4042 + 3280 = 0. Is r a multiple of 11?
False
Suppose 5*f = -3*x + 2146, x = -2*f + 2*x + 854. Let u = -288 + f. Does 35 divide u?
True
Let g(t) = 12*t**2 - 15*t + 16. Is g(12) a multiple of 11?
False
Let p(t) be the first derivative of -t**4/4 - 11*t**3/3 - 10*t**2 - 9*t + 4. Does 3 divide p(-9)?
True
Let g = -105 + 159. Is 18 a factor of g?
True
Let w = 552 - 207. Is 15 a factor of w?
True
Let b = 62 - 40. Let d = -8 + b. Is d a multiple of 4?
False
Let v(q) = -q**3 - 5*q**2 - 6*q + 7. Let m be v(-5). Suppose 0 = -3*i + 3*c - 0*c + 54, 3*c = 2*i - m. Is i a multiple of 3?
False
Let v(i) = -i**3 - 13*i**2 - 12*i + 2. Let x be v(-12). Suppose x*t + 6 = -3*u, -3*t - 10 + 3 = 4*u. Suppose -14 = -t*g + 19. Is 2 a factor of g?
False
Suppose 2*r - 18 = -4*m, 3*r - m = -0*r + 20. Let a(d) = -8 + r*d**2 - 5*d**2 - d**2. Does 4 divide a(4)?
True
Suppose p + 1 = 4, 0 = -k + 3*p - 8. Let b = -43 - -239. Is (k*2)/(14/b) a multiple of 14?
True
Suppose -26*x + 3*x = -1035. Is 4 a factor of x?
False
Let q(k) = -10*k + 3. Let a(n) = -41*n + 11. Suppose -2*b + 12 = 2*j + 2*b, 5*j = 4*b - 26. Let l(w) = j*a(w) + 9*q(w). Is l(-8) a multiple of 18?
False
Let b(w) = 18*w - 1. Let a(t) = t**2 - 12*t - 10. Let z be a(13). Let j be b(z). Let o = j + -20. Is 11 a factor of o?
True
Let j be ((-18)/12)/(6/16). Is -2 + ((-8)/10)/(j/320) a multiple of 8?
False
Let c be (4 - 2) + 56 - 4. Suppose 0 = -2*d + l + c, 0 = -2*d - l + 33 + 25. Is 11 a factor of d?
False
Let q = -39 - -45. Does 3 divide (27/q)/((-6)/(-48))?
True
Let p = -221 + 327. Is 25 a factor of p?
False
Let d(q) = -64*q - 401. Is 15 a factor of d(-11)?
False
Let r(o) = o**3 - 6*o**2 + 5*o. Let x be r(5). Suppose -l + 2*l - 7 = x. Suppose 4*t = 2*c + 74, 2*c - 33 = -2*t + l. Is t a multiple of 5?
False
Let b = -900 + 1770. Is b a multiple of 15?
True
Let b = 14 + -123. Let s = -77 - b. Is 32 a factor of s?
True
Let z(u) be the first derivative of 3 + 2*u + 23/2*u**2. Is z(2) a multiple of 14?
False
Let n be 20/6*2478/28. Suppose 0*s - 5*s = -n. Let o = s - 33. Is o a multiple of 13?
True
Let l(b) = -413*b - 266. Does 92 divide l(-10)?
True
Suppose -4*p + c + 13 = 0, -3*p + 7*p = 2*c + 14. Suppose -l - 2*w = -64, -3*l = -p*w - 171 - 48. Suppose -5*n + 2*h + 3*h = -l, 4*h = -4. Does 13 divide n?
True
Suppose 0 = -5*i - 156 - 244. Let x be i/(-15) - (-1)/(-3). Let l(m) = m**2 - m - 4. Is l(x) a multiple of 6?
False
Suppose -225 - 30 = 3*k - 3*i, 185 = -2*k - i. Is 12 a factor of ((-10)/(-6))/((-3)/k)?
False
Let w = -25 - -27. Suppose 69 = 3*c - w*c + 4*i, 2*c + i - 110 = 0. Let z = 90 - c. Is 18 a factor of z?
False
Let q = -145 + 44. Let y = 199 + q. Is y a multiple of 14?
True
Suppose 43*h - 40*h = 15. Suppose 6*m - m + 609 = 3*v, 4*m = h*v - 1028. Does 8 divide v?
True
Let r(f) = -6*f**2 + 2*f - 3. Let a(s) = 17*s**2 - 6*s + 10. Let k(y) = 3*a(y) + 8*r(y). Is 8 a factor of k(5)?
False
Suppose 0 = 2*p + 188 + 142. Let g = -98 - p. Is 6 a factor of g?
False
Let n = 15 - 10. Suppose n = 2*f + 1. Is 4 a factor of (8/10)/(f/10)?
True
Suppose -8*d - 360 = -6*d. Let k be d/(-16)*(-8)/(-3). Does 10 divide 2106/k - 1/5?
True
Let r(k) = -k**3 - 28*k**2 + 30*k + 29. Let b be r(-29). Suppose -2*j - j - q + 643 = b, -3*q = -5*j + 1095. Is j a multiple of 36?
True
Let w(r) = r**3 + 15*r**2 + 20*r - 16. Let m be w(-15). Is 16 a factor of (-2)/(-10) + m/(-20)?
True
Let r(i) = 42*i + 1009. Is r(28) a multiple of 14?
False
Suppose 29*u - 2899 = -1159. Does 6 divide u?
True
Let m(u) = -21*u**3 - u**2 - 3*u - 4. Is m(-2) a multiple of 12?
False
Let h(i) = -i**3 - 5*i**2 + i + 7. Let c be h(-5). Suppose 2*j = j - y + 36, 5*j = -2*y + 171. Suppose c*g - j = -g. Is g a multiple of 10?
False
Let s be (11 - 0)*11*-1. Let z = s - 3. Is -5*(z/20 + -3) a multiple of 23?
True
Let i = 53 - -140. Let z(g) = 3*g + 5. Let m be z(0). Suppose -3*y - 5*k = -107, 2*k - i = -m*y + k. Does 8 divide y?
False
Let k(z) = 35*z**2 - 14*z - 22. Is 27 a factor of k(-2)?
False
Let z(j) be the third derivative of j**4/12 + j**3/6 + 2*j**2. Let l be z(2). Suppose -l*p + 345 = 5*o, 4*o - 153 - 114 = -p. Is o a multiple of 20?
False
Suppose 35 - 611 = -8*p. Is p a multiple of 36?
True
Let q = 1561 + 1902. Is 24 a factor of q?
False
Does 5 divide ((-8)/(-14))/(-5 - 2001/(-399))?
False
Let j(g) = g**2 + 5*g + 2. Let z be j(-5). Suppose -2*n + z*i + 80 = n, 20 = n + i. Does 8 divide n?
True
Let d(g) = 93*g - 160. Is 27 a factor of d(39)?
False
Suppose -2*f = -3 - 7. Suppose 3*t - 2*t + f = 0. Let s(p) = -p + 4. Is 3 a factor of s(t)?
True
Let t = -800 + 1528. Does 10 divide t?
False
Let z(w) = w**3 - 17*w**2 - 11*w - 28. Does 7 divide z(18)?
True
Suppose -3*q + 5*n + 1376 = 0, 3*q - 2*n - 1388 = -6. Does 13 divide q?
False
Let w = -19 + 13. Let h(z) = 7*z**2 + 2*z - 19. Let c(q) = 4*q**2 + q - 10. Let n(b) = w*h(b) + 11*c(b). Is 13 a factor of n(-4)?
False
Suppose -8 + 17 = -9*o. Does 13 divide 10/(-4)*(o - 222/10)?
False
Is (-48)/(55/(-30) + 2/6) a multiple of 20?
False
Let q = -314 - -538. Does 46 divide q?
False
Suppose 18 = 2*f - 5*f. Let t = 0 - f. Suppose -3*c - 126 = -3*x - t*c, 159 = 4*x + c. Is 13 a factor of x?
True
Let u be 2/(1*-2) + 9. Suppose 36*m - 35 = 37. Suppose -m*a = -u*a + 450. Is a a multiple of 15?
True
Suppose -4*j + 27 = -3*y, 2*y + 9 - 33 = -2*j. Suppose -l = -177 - j. Is 31 a factor of l?
True
Let a(h) = -7*h**2 + 22*h + 56. Let b(s) = 3*s**2 - 11*s - 28. Let z(w) = -4*a(w) - 9*b(w). Is 33 a factor of z(-12)?
False
Let l = 1772 - 412. Does 10 divide l?
True
Let m = 349 - 196. Does 9 divide m?
True
Let a(k) = -19*k + 20. Let d be a(4). Does 9 divide ((-1)/(-5) + 24/(-20))*d?
False
Suppose l = 2*l - 5*s + 8, 4*s - 16 = 4*l. Let j be ((-7)/3)/(3/(-27)). Is (-1)/l + 371/j a multiple of 4?
False
Let k(p) be the first derivative of 0*p - 9 - 2/3*p**3 + 41/4*p**4 + 1/2*p**2. Does 10 divide k(1)?
True
Let f(a) = -a**2 - 108*a - 12. Does 46 divide f(-13)?
False
Let p be (1 + -7)*4/((-4)/9). Suppose 3*j + p = 6*j. Does 9 divide j?
True
Let l be (-2)/((-3 + 2)/55). Suppose 3*n - 11 = r, -5*r + 6 + 19 = 5*n. Does 6 divide (-1)/2 + l/n?
False
Suppose -3*j - 4*v + 3041 = 0, 0 = -j + v + 745 + 271. Does 37 divide j?
False
Is 8 a factor of 199 + 7/((-70)/(-90))?
True
Let k be 7*(-3 + 27/7). Let a(f) = -2*f**2 + 2*f + 7. Let c be a(k). Let s = c + 96. Is 11 a factor of s?
False
Suppose 3*y + 3*m - 2745 = 0, 0*y + 3*m = 3*y - 2721. Suppose -6*c + d = -2*c - y, 3*d - 1143 = -5*c. Is 12 a factor of c?
True
Let p(t) = -182*t**3 - 2*t**2. Let h(z) = -z**2. Let i(a) = -h(a) + p(a). Is 42 a factor of i(-1)?
False
Suppose 0 = 24*l - 7*l - 21488. Is 79 a factor of l?
True
Suppose -8*s + 19 = 5*i - 7*s, 0 = -5*i - 3*s + 17. Suppose 3*x + i*x - 1330 = 0. Is 19 a factor of x?
True
Suppose 0 = 5*f - 3632 + 1217. Is f a multiple of 21?
True
Let v be (21 - -3) + 1/(-1). Let m = v + -18. Suppose c + c - m*d - 4 = 0, 30 = 4*c + d. Does 7 divide c?
True
Suppose -2*n - l = -660, -32*l + 29*l = 5*n - 1648. Is 2 a factor of n?
True
Let o be (8